sor of 531 and 708?
177
Calculate the greatest common divisor of 75 and 13225.
25
What is the greatest common factor of 545798 and 44?
22
What is the greatest common divisor of 390369 and 29?
29
Calculate the greatest common factor of 45534 and 1032.
6
Calculate the greatest common divisor of 102453 and 78.
39
What is the highest common divisor of 336 and 3529848?
168
What is the greatest common factor of 3645 and 496125?
405
What is the highest common factor of 79 and 32311?
79
What is the greatest common divisor of 15436 and 9452?
68
What is the highest common factor of 1100865 and 4029?
237
What is the greatest common factor of 190 and 59945?
95
Calculate the greatest common divisor of 22561 and 59479.
2051
What is the greatest common divisor of 15655 and 620?
155
What is the greatest common divisor of 11930387 and 721?
721
What is the greatest common factor of 1076 and 43847?
269
Calculate the highest common factor of 47892 and 312.
156
Calculate the greatest common divisor of 769 and 31.
1
What is the highest common factor of 41318 and 6226?
566
Calculate the highest common divisor of 241129 and 95.
19
Calculate the greatest common factor of 7264 and 288.
32
What is the highest common divisor of 171 and 2641?
19
What is the greatest common factor of 2212 and 211246?
1106
What is the greatest common factor of 7686 and 2016?
126
Calculate the greatest common divisor of 9415 and 325490.
1345
Calculate the highest common factor of 1173105 and 655.
655
Calculate the greatest common factor of 2197 and 17329.
13
What is the highest common divisor of 143248 and 4?
4
Calculate the highest common factor of 782 and 10.
2
What is the greatest common factor of 112 and 110032?
16
Calculate the highest common factor of 202 and 6.
2
Calculate the greatest common divisor of 88 and 772354.
22
Calculate the highest common divisor of 3132 and 406.
58
Calculate the highest common factor of 5238 and 679.
97
Calculate the greatest common factor of 3090 and 1395.
15
Calculate the highest common divisor of 882413 and 2072.
259
Calculate the highest common factor of 290034 and 393.
393
What is the greatest common divisor of 750 and 90?
30
What is the highest common divisor of 944 and 15576?
472
What is the highest common divisor of 438830 and 105?
35
What is the greatest common divisor of 1014 and 10218?
78
Calculate the highest common factor of 10455 and 680.
85
What is the highest common factor of 10 and 578390?
10
Calculate the highest common divisor of 217485 and 3580.
895
What is the greatest common divisor of 338330 and 2990?
230
What is the highest common divisor of 24 and 39296?
8
What is the greatest common divisor of 102928 and 336?
112
What is the highest common divisor of 1056 and 732?
12
Calculate the highest common factor of 8 and 45944.
8
Calculate the greatest common factor of 1065 and 20661.
213
What is the greatest common factor of 104021 and 2?
1
What is the greatest common divisor of 5843 and 153?
1
Calculate the greatest common divisor of 412848 and 9.
9
Calculate the highest common divisor of 33 and 1482.
3
Calculate the greatest common divisor of 154365 and 35.
5
Calculate the highest common divisor of 38969 and 18088.
133
What is the greatest common factor of 4716992 and 448?
448
What is the highest common divisor of 50 and 152990?
10
Calculate the highest common divisor of 15741 and 3975.
159
Calculate the greatest common factor of 1034180 and 1245.
415
What is the highest common divisor of 19700 and 10100?
100
Calculate the highest common divisor of 1314 and 3018.
6
Calculate the highest common factor of 264 and 4003164.
132
Calculate the greatest common factor of 324 and 119034.
18
What is the highest common factor of 272944 and 448?
112
What is the highest common divisor of 1886365 and 195?
65
What is the highest common divisor of 1176 and 252?
84
What is the greatest common factor of 81 and 19359?
81
Calculate the greatest common factor of 6 and 287466.
6
What is the highest common divisor of 5876 and 4068?
452
Calculate the highest common divisor of 982563 and 579.
579
Calculate the highest common factor of 95 and 53635.
5
Calculate the highest common factor of 5306 and 589345.
379
What is the highest common divisor of 17 and 9254528?
17
What is the greatest common factor of 44 and 2961508?
44
What is the highest common divisor of 3940 and 460?
20
What is the highest common divisor of 50448 and 480?
48
Calculate the highest common factor of 670 and 276442.
134
Calculate the greatest common divisor of 60885 and 330.
165
Calculate the greatest common factor of 122866 and 644.
46
Calculate the highest common divisor of 90 and 90675.
45
What is the greatest common factor of 5796 and 562695?
483
Calculate the highest common factor of 805 and 40495.
35
Calculate the greatest common factor of 1425 and 663195.
285
Calculate the highest common factor of 64 and 42248.
8
What is the highest common factor of 2 and 289549?
1
What is the greatest common factor of 30 and 974?
2
What is the greatest common divisor of 828 and 88380?
36
What is the greatest common factor of 2 and 49152?
2
Calculate the greatest common factor of 6624 and 1476.
36
Calculate the greatest common factor of 304 and 11153.
19
Calculate the greatest common factor of 147 and 43071.
147
What is the highest common factor of 288708 and 1764?
588
What is the highest common divisor of 539715 and 825?
165
What is the highest common divisor of 62225 and 10925?
475
Calculate the greatest common factor of 288495 and 135.
135
Calculate the highest common divisor of 142660 and 1540.
140
Calculate the highest common factor of 11754 and 1278.
18
What is the highest common divisor of 130 and 492115?
65
Calculate the highest common divisor of 52 and 32071.
13
Calculate the highest common factor of 50854 and 7033.
541
Calculate the highest common divisor of 104002 and 149.
149
What is the greatest common divisor of 13200 and 4368?
48
Calculate the highest common divisor of 52412 and 4.
4
What is the greatest common factor of 144 and 44768?
16
What is the greatest common factor of 1520 and 6880?
80
Calculate the greatest common factor of 1683 and 1879350.
561
What is the greatest common divisor of 3944712 and 24?
24
Calculate the highest common factor of 916949 and 31.
31
Calculate the greatest common factor of 2304718 and 130.
26
What is the highest common divisor of 248437 and 14?
7
Calculate the highest common divisor of 20 and 296060.
20
What is the highest common divisor of 2931625 and 375?
125
What is the highest common factor of 3068 and 10384?
236
Calculate the greatest common divisor of 208210 and 76196.
886
What is the greatest common divisor of 4323 and 671?
11
What is the greatest common divisor of 436 and 1389096?
436
Calculate the highest common factor of 82 and 132922.
82
Calculate the highest common factor of 33548 and 24.
4
What is the greatest common factor of 34036 and 335?
67
What is the greatest common factor of 3687314 and 184?
46
Calculate the highest common factor of 2 and 3821.
1
What is the highest common divisor of 21405 and 30?
15
Calculate the greatest common divisor of 1074163 and 158.
79
Calculate the highest common factor of 21 and 8687.
7
What is the greatest common factor of 23 and 445648?
23
What is the greatest common divisor of 226086 and 882?
294
What is the highest common factor of 2805 and 31705?
85
Calculate the highest common divisor of 6035 and 1105.
85
Calculate the highest common factor of 430 and 7760.
10
What is the highest common factor of 3421 and 12419?
11
Calculate the highest common divisor of 391646 and 34.
34
What is the highest common factor of 402 and 23718?
402
Calculate the greatest common factor of 428 and 49006.
214
What is the greatest common factor of 228 and 9468?
12
What is the highest common divisor of 834879 and 194?
97
Calculate the greatest common divisor of 20 and 361540.
20
Calculate the greatest common divisor of 110 and 797920.
10
Calculate the highest common divisor of 59161 and 268.
67
Calculate the greatest common divisor of 8179298 and 398.
398
What is the highest common factor of 65340 and 135?
135
What is the greatest common factor of 89 and 197669?
89
What is the highest common factor of 72 and 864168?
24
What i